{"id":346,"date":"2022-07-06T12:53:45","date_gmt":"2022-07-06T10:53:45","guid":{"rendered":"https:\/\/pntte.its.waw.pl\/?page_id=346"},"modified":"2022-07-06T12:58:44","modified_gmt":"2022-07-06T10:58:44","slug":"prezes-honorowy","status":"publish","type":"page","link":"https:\/\/pntte.org\/index.php\/prezes-honorowy\/","title":{"rendered":"Prezes honorowy"},"content":{"rendered":"<div class=\"wp-block-image\">\n<figure class=\"aligncenter size-large is-resized\"><img loading=\"lazy\" decoding=\"async\" src=\"https:\/\/pntte.org\/wp-content\/uploads\/2022\/07\/prof-Niewczas-www-1024x877.jpg\" alt=\"\" class=\"wp-image-349\" width=\"461\" height=\"395\" srcset=\"https:\/\/pntte.org\/wp-content\/uploads\/2022\/07\/prof-Niewczas-www-1024x877.jpg 1024w, https:\/\/pntte.org\/wp-content\/uploads\/2022\/07\/prof-Niewczas-www-300x257.jpg 300w, https:\/\/pntte.org\/wp-content\/uploads\/2022\/07\/prof-Niewczas-www-768x658.jpg 768w, https:\/\/pntte.org\/wp-content\/uploads\/2022\/07\/prof-Niewczas-www.jpg 1300w\" sizes=\"auto, (max-width: 461px) 100vw, 461px\" \/><\/figure>\n<\/div>\n\n\n<p class=\"has-text-align-center\" style=\"font-size:25px\"><strong>Prof. zw. dr hab. in\u017c. Andrzej Niewczas<\/strong><\/p>\n\n\n\n<p>Studia wy\u017csze uko\u0144czy\u0142 w roku 1970 na Wydziale Elektroniki Politechniki Warszawskiej. Tutaj r\u00f3wnie\u017c w 1977 r. obroni\u0142 prac\u0119 doktorsk\u0105. W 1990 r. otrzyma\u0142 stopie\u0144 doktora habilitowanego w zakresie budowy i eksploatacji maszyn na Wydziale Maszyn Roboczych i Pojazd\u00f3w Politechniki Pozna\u0144skiej. Tytu\u0142 naukowy profesora uzyska\u0142 w 1999 r.<\/p>\n\n\n\n<p>Tematyka naukowo-badawcza prof. A. Niewczasa dotyczy efektywno\u015bci eksploatacyjnej i niezawodno\u015bci \u015brodk\u00f3w transportu, a tak\u017ce modelowania uszkodze\u0144 eksploatacyjnych uk\u0142ad\u00f3w mechanicznych i biomechanicznych. Po uko\u0144czeniu studi\u00f3w rozpocz\u0105\u0142 prac\u0119 w Fabryce Samochod\u00f3w Ci\u0119\u017carowych STAR w Starachowicach. Zorganizowa\u0142 tam Laboratorium Izotopowych Bada\u0144 Silnik\u00f3w Spalinowych. W 1978 r. podj\u0105\u0142 prac\u0119 naukowodydaktyczn\u0105 w Politechnice Radomskiej. W latach 1992 \u2013 2012 pracowa\u0142 na stanowisku profesora w Politechnice Lubelskiej kieruj\u0105c Katedr\u0105 Silnik\u00f3w Spalinowych i Transportu. Pe\u0142ni\u0142 r\u00f3wnie\u017c funkcj\u0119 dziekana Wydzia\u0142u Mechanicznego PL (1999 \u2013 2005). Dodatkowo pracowa\u0142 jako wyk\u0142adowca w Wy\u017cszej Szkole Ekonomii i Innowacji w Lublinie, gdzie by\u0142 wsp\u00f3\u0142organizatorem a nast\u0119pnie dziekanem Wydzia\u0142u Transportu i Informatyki. Obecnie jest profesorem oraz cz\u0142onkiem Rady Naukowej w Instytucie Transportu Samochodowego w Warszawie. Wypromowa\u0142 15 doktor\u00f3w, opiekowa\u0142 si\u0119 r\u00f3wnie\u017c wieloma habilitantami.<\/p>\n\n\n\n<p>Jest cz\u0142onkiem za\u0142o\u017cycielem Polskiego Naukowo-Technicznego Towarzystwa Eksploatacyjnego (1991) obok m.in.: Stanis\u0142awa Piaseckiego, Jerzego Lewitowicza, Eugeniusza Olearczuka. W latach 2002 \u2013 2018 by\u0142 prezesem PNTTE. W tym okresie PNTTE zosta\u0142o cz\u0142onkiem Europejskiej Federacji Narodowych Towarzystw Eksploatacyjnych (EFNMS), a tak\u017ce cz\u0142onkiem \u015arodkowo \u2013 Europejskiego Porozumienia Towarzystw Eksploatacyjnych S\u0142owacji, Czech i Polski. Z inicjatywy prof. A. Niewczasa PNTTE podj\u0119\u0142o rol\u0119 wydawcy mi\u0119dzynarodowego kwartalnika naukowego Eksploatacja i Niezawodno\u015b\u0107 \u2013 Maintenance and Reliability.<\/p>\n","protected":false},"excerpt":{"rendered":"<p>Prof. zw. dr hab. in\u017c. Andrzej Niewczas Studia wy\u017csze uko\u0144czy\u0142 w roku 1970 na Wydziale Elektroniki Politechniki Warszawskiej. Tutaj r\u00f3wnie\u017c w 1977 r. obroni\u0142 prac\u0119 doktorsk\u0105. W 1990 r. otrzyma\u0142 stopie\u0144 doktora habilitowanego w zakresie budowy i eksploatacji maszyn na Wydziale Maszyn Roboczych i Pojazd\u00f3w Politechniki Pozna\u0144skiej. Tytu\u0142 naukowy profesora uzyska\u0142 w 1999 r. Tematyka [&hellip;]<\/p>\n","protected":false},"author":2,"featured_media":0,"parent":0,"menu_order":0,"comment_status":"closed","ping_status":"closed","template":"","meta":{"footnotes":""},"class_list":["post-346","page","type-page","status-publish","hentry"],"_links":{"self":[{"href":"https:\/\/pntte.org\/index.php\/wp-json\/wp\/v2\/pages\/346","targetHints":{"allow":["GET"]}}],"collection":[{"href":"https:\/\/pntte.org\/index.php\/wp-json\/wp\/v2\/pages"}],"about":[{"href":"https:\/\/pntte.org\/index.php\/wp-json\/wp\/v2\/types\/page"}],"author":[{"embeddable":true,"href":"https:\/\/pntte.org\/index.php\/wp-json\/wp\/v2\/users\/2"}],"replies":[{"embeddable":true,"href":"https:\/\/pntte.org\/index.php\/wp-json\/wp\/v2\/comments?post=346"}],"version-history":[{"count":5,"href":"https:\/\/pntte.org\/index.php\/wp-json\/wp\/v2\/pages\/346\/revisions"}],"predecessor-version":[{"id":354,"href":"https:\/\/pntte.org\/index.php\/wp-json\/wp\/v2\/pages\/346\/revisions\/354"}],"wp:attachment":[{"href":"https:\/\/pntte.org\/index.php\/wp-json\/wp\/v2\/media?parent=346"}],"curies":[{"name":"wp","href":"https:\/\/api.w.org\/{rel}","templated":true}]}}